by v.
0
Suppose 37520 = 41*m - 3152. What is the remainder when m is divided by 142?
140
Suppose 347 = -88*x + 89*x. What is the remainder when x is divided by 14?
11
Suppose 128 = 3*m + m. Suppose -3*c - m = -155. Suppose 5*u - c = -11. Calculate the remainder when 18 is divided by u.
0
Let v(n) = -11*n**3 - 3*n**2 + 3*n + 4. Calculate the remainder when 502 is divided by v(-1).
7
Let i = 13 + -10. Suppose i*f + 5*u - 62 = 0, -f + 3*f = -4*u + 44. Calculate the remainder when 55 is divided by f.
13
Suppose d + 4 = 0, 2*d - 711 - 2062 = -3*g. What is the remainder when g is divided by 104?
95
Suppose 2*d + 320 = 7*d. Suppose -113 = -5*c + a - 5, 3*c = 3*a + 60. Calculate the remainder when d is divided by c.
20
Calculate the remainder when (22 - -499)*(-2 + 0 + 3) is divided by 75.
71
Let o be (1 - 0) + 43/1. Let v be 0 + -3 - o/(-4). Suppose -w + v = 3*w. Calculate the remainder when 5 is divided by w.
1
Suppose 3*x - 215 = -x - 3*b, 5*x + 4*b - 270 = 0. Suppose 4*j = -4*s + 52, -6 = -4*s + 4*j + 14. Calculate the remainder when x is divided by s.
5
Let s(o) = o**3 - 7*o**2 - 12*o + 5. Calculate the remainder when 353 is divided by s(9).
58
Let r be -2*(-107)/((-2)/2). Let s = -988 + r. Calculate the remainder when (-8)/(-36) - s/18 is divided by 23.
21
Suppose 3*w - 10 - 11 = f, -3*f = -4*w + 33. Let n = 39 - 18. What is the remainder when n is divided by w?
3
Suppose -15*x + 4*x = -198. Suppose 4*p = -q + x, p = 7*q - 5*q - 27. Calculate the remainder when 51 is divided by q.
9
Calculate the remainder when (-313)/(-5) + 18/(-30) is divided by 18.
8
Let q(m) = 2*m**2 - 15*m + 9. Let k be q(7). Suppose -k*a + 36 = 4*f, -f - 13 = -4*f - 5*a. Calculate the remainder when 76 is divided by f.
10
Suppose 104 - 29 = 15*x. Suppose x*y - 3 = -r - 5, -4*r + 55 = -y. Suppose -45 - 63 = -3*i. Calculate the remainder when i is divided by r.
10
Let p(a) = 30*a + 292. What is the remainder when 101 is divided by p(-9)?
13
Let o(q) = -q**2 - 9*q - 10. Let p be o(-7). Suppose -d - 4*t = 2*d - 40, p*d - 58 = -3*t. What is the remainder when d is divided by 6?
4
Let n(c) = -4*c + 4. Let g be n(2). Calculate the remainder when ((-4)/g - -138)*1 is divided by 47.
45
Let y(h) = 7*h - 2. Let j be ((-1)/((-5)/(-2)))/(10/(-100)). Calculate the remainder when y(j) is divided by 6.
2
Suppose 19*c - 15*c = 0. Suppose c = 5*r - 0 - 60. Calculate the remainder when 46 is divided by r.
10
Suppose -2*m + 11 = -25. Let s = 16 - 12. What is the remainder when 70/(4*1/s) is divided by m?
16
Let a = 680 - 589. What is the remainder when 1454 is divided by a?
89
Let z(h) = 6*h + 11. Let w be z(5). Let t = w - 39. Calculate the remainder when 10 is divided by t.
0
Let y = 623 + -309. Suppose -984 = -11*g + y. Calculate the remainder when g is divided by 30.
28
Suppose -275*b = -269*b - 120. Calculate the remainder when 180 is divided by b.
0
Let b(p) = -18*p - 50. Calculate the remainder when 333 is divided by b(-6).
43
Suppose -12*c + 7*c = y - 137, 0 = 3*y + c - 369. Suppose -5*j = -2*v + 87, -74 = -2*v - j + 7. What is the remainder when y is divided by v?
40
Suppose 31 + 17 = 4*d. Let z = -7 + d. What is the remainder when 7 is divided by z?
2
Suppose -16*c - 52 = -12*c. Let q = 126 - c. What is the remainder when q is divided by 28?
27
Let x = -117 - -203. Let a(b) = 2*b**3 - 53*b**2 + 26*b + 11. Calculate the remainder when x is divided by a(26).
9
Let f(b) = b + 1. Let d be f(1). Suppose 115 = d*l - 55. What is the remainder when l is divided by 65/3 + 4/12?
19
Let p = -126 + 257. Suppose 31 = -2*t + p. What is the remainder when 20/t - (-238)/5 is divided by 25?
23
Let t = -429 - -618. What is the remainder when t is divided by 32?
29
Let q(g) = -4*g - 24. Calculate the remainder when 24/(-2)*(-5)/2 is divided by q(-10).
14
Suppose 236 = 11*i + 38. Calculate the remainder when 64 is divided by i.
10
Suppose 21*j - 25*j = -84. Suppose -16*n = -j*n + 40. Calculate the remainder when 70 is divided by n.
6
Let d = 22 - -23. Suppose -4*x = -x - d. What is the remainder when 29 is divided by x?
14
Let b = -736 + 920. Calculate the remainder when b is divided by 37.
36
Let x(n) = -n**3 - 6*n**2 + 7*n + 8. Let f(r) = -r**3 + 13*r**2 + 2*r + 3. What is the remainder when x(-7) is divided by f(0)?
2
Let a(v) = 8*v - 6. Suppose 0 = -2*j - j + 15. Suppose -3*d = 3, -5*k = -0*k + j*d - 15. Calculate the remainder when a(k) is divided by 14.
12
Suppose 3*f - 6*f = 195. Let c = 14 - 8. What is the remainder when c is divided by (-5)/(4 + f/10)?
0
Let j(x) = -4*x**3 + 6*x**2 + 4. Let z(y) = 5*y**3 - 7*y**2 - 3. Let b(i) = 4*j(i) + 3*z(i). Let o = -15 - -17. What is the remainder when b(3) is divided by o?
1
Let s = 74 - -229. Let n = s - 216. What is the remainder when n is divided by 18?
15
Let u be (-30)/3 + 5 + -1. Let w(y) be the second derivative of -11*y**3/6 - 15*y**2/2 - y. What is the remainder when w(u) is divided by 13?
12
Let y(w) = w**2 + 2*w. Let r(d) = 3*d**3 + d + 1. Let o be r(-1). Let g(f) = f + 5. Calculate the remainder when g(5) is divided by y(o).
1
Suppose 0 = -6*g + 516 - 96. Let y(j) = 2*j. What is the remainder when g is divided by y(12)?
22
Let t = -82 + 92. Suppose 148*v - 146*v = t. Suppose -3 = -2*f - u, 5*f - 3*u + 3 - 16 = 0. What is the remainder when v is divided by f?
1
Let d = -7 + -4. Let t = 11 + d. Suppose -38 = -t*h - h + 5*y, 5*y = -h - 2. What is the remainder when h is divided by 10?
8
Let k be 8 + -4 + 0 - 1. Suppose -3*x + 0*f - 2*f + 145 = 0, k*x - 133 = 4*f. Let d = 8 + 16. Calculate the remainder when x is divided by d.
23
Suppose 0 = 13*k - 541 - 330. What is the remainder when 220 is divided by k?
19
Let n = -256 - -373. What is the remainder when n is divided by 21?
12
Let a = -628 - -723. What is the remainder when a is divided by 23?
3
Suppose -2*y + 17 + 7 = 0. Suppose y*x = 13*x - 25. What is the remainder when 99 is divided by x?
24
Suppose -3*a + 30 = -0. What is the remainder when a is divided by 2?
0
Let h be 54/8 + 1/4. Suppose -4*l + h*l = 48. Let m(q) = q**2 - q + 6. What is the remainder when l is divided by m(0)?
4
Suppose 0 = -a + 4*h + 15 + 9, -10 = 2*h. Suppose 7*g - a*g = 72. What is the remainder when g is divided by 18?
6
Let f(j) = -18*j - 13. Calculate the remainder when 137 is divided by f(-2).
22
Let p = 1340 + -1327. Let k = -92 - -140. Calculate the remainder when k is divided by p.
9
Let l(k) = k**3 - 11*k**2 + 9*k + 12. Let c be l(10). Suppose -c = -11*q + 10*q. Suppose q*y - 146 = -12. What is the remainder when y is divided by 17?
16
Let k = 35 - 31. Suppose -4*a - 157 = -4*v + 63, 4*v - 236 = -k*a. What is the remainder when v is divided by 20?
17
Suppose -2*d - 221 + 229 = 0. Let g(h) = h - 7. Let a be g(9). Let q(k) = 3*k**2 - 2*k + 3. Calculate the remainder when q(a) is divided by d.
3
Suppose -6*u = 7*u - 1625. Calculate the remainder when u is divided by 9.
8
Suppose j + 15*m - 14*m - 87 = 0, 180 = 2*j + 4*m. Calculate the remainder when j is divided by (-603)/(-21) - (-2)/7.
26
Let o be ((-1)/(-2))/((-10)/20). Let j(l) = -l**3 - 20*l**2 - 18*l + 39. Calculate the remainder when j(-19) is divided by (-49)/14*(-1 + o).
6
Suppose -11*o - 45 = -6*o. Let s = o + 24. Calculate the remainder when 55 is divided by s.
10
Suppose 6*i - 2*i + 3*c = 1284, -5*i = 5*c - 1610. Let j = i + -185. What is the remainder when j is divided by 17?
14
Calculate the remainder when 10 + 3 + (-2 - -1) is divided by (6 - (-5)/5) + 1.
4
Let v = 136 + -129. What is the remainder when 1100/28 + (-4)/14 is divided by v?
4
What is the remainder when (288/84 - 2)/((-1)/(-35)) is divided by 4/6*(-153)/(-6)?
16
Suppose 0*g + 2*g = 0. Let c = g + 1. What is the remainder when 1 is divided by (1 - c) + 5 + -4?
0
Let n(r) = -r**3 - 5*r**2 + 8*r + 19. Calculate the remainder when 263 is divided by n(-6).
4
Let v = 221 + -204. What is the remainder when 65 + -1*(-1 - 1) is divided by v?
16
Let i(s) be the second derivative of -s**4/12 - 17*s**3/6 - 3*s**2/2 + 5*s. Calculate the remainder when i(-15) is divided by 15.
12
Let n be -5*(-4)/(-8)*-14. Suppose -t + n = 2*x, 2*x - 30 - 30 = 4*t. What is the remainder when x is divided by 12/((-1 - 0)/(-1))?
8
Let r(i) = -3*i + 131. Calculate the remainder when r(-11) is divided by 6.
2
What 